{"id":32310,"date":"2023-10-20T13:56:52","date_gmt":"2023-10-20T11:56:52","guid":{"rendered":"https:\/\/concoval.es\/?post_type=tribe_events&#038;p=32310"},"modified":"2023-10-20T13:56:52","modified_gmt":"2023-10-20T11:56:52","slug":"jornada-col%c2%b7legi-graduats-socials-de-castello-reforma-laboral-i-la-seua-aplicacio-a-les-cooperatives","status":"publish","type":"tribe_events","link":"https:\/\/concoval.es\/es\/agenda\/jornada-col%c2%b7legi-graduats-socials-de-castello-reforma-laboral-i-la-seua-aplicacio-a-les-cooperatives\/","title":{"rendered":"Jornada Col\u00b7legi Graduats Socials de Castell\u00f3: \u201cReforma Laboral i la seua aplicaci\u00f3 a les cooperatives\u201d"},"content":{"rendered":"<p class=\"qtranxs-available-languages-message qtranxs-available-languages-message-es\">Disculpa, pero esta entrada est\u00e1 disponible s\u00f3lo en <a href=\"https:\/\/concoval.es\/ca\/wp-json\/wp\/v2\/tribe_events\/32310\" class=\"qtranxs-available-language-link qtranxs-available-language-link-ca\" title=\"Valenci\u00e0\">Catal\u00e1n<\/a>.<\/p>","protected":false},"excerpt":{"rendered":"<p>Disculpa, pero esta entrada est\u00e1 disponible s\u00f3lo en Catal\u00e1n.<\/p>\n","protected":false},"author":2,"featured_media":28388,"comment_status":"closed","ping_status":"closed","template":"","meta":{"_tribe_events_status":"","_tribe_events_status_reason":""},"tags":[],"tribe_events_cat":[817],"_links":{"self":[{"href":"https:\/\/concoval.es\/es\/wp-json\/wp\/v2\/tribe_events\/32310"}],"collection":[{"href":"https:\/\/concoval.es\/es\/wp-json\/wp\/v2\/tribe_events"}],"about":[{"href":"https:\/\/concoval.es\/es\/wp-json\/wp\/v2\/types\/tribe_events"}],"author":[{"embeddable":true,"href":"https:\/\/concoval.es\/es\/wp-json\/wp\/v2\/users\/2"}],"replies":[{"embeddable":true,"href":"https:\/\/concoval.es\/es\/wp-json\/wp\/v2\/comments?post=32310"}],"version-history":[{"count":1,"href":"https:\/\/concoval.es\/es\/wp-json\/wp\/v2\/tribe_events\/32310\/revisions"}],"predecessor-version":[{"id":32311,"href":"https:\/\/concoval.es\/es\/wp-json\/wp\/v2\/tribe_events\/32310\/revisions\/32311"}],"wp:featuredmedia":[{"embeddable":true,"href":"https:\/\/concoval.es\/es\/wp-json\/wp\/v2\/media\/28388"}],"wp:attachment":[{"href":"https:\/\/concoval.es\/es\/wp-json\/wp\/v2\/media?parent=32310"}],"wp:term":[{"taxonomy":"post_tag","embeddable":true,"href":"https:\/\/concoval.es\/es\/wp-json\/wp\/v2\/tags?post=32310"},{"taxonomy":"tribe_events_cat","embeddable":true,"href":"https:\/\/concoval.es\/es\/wp-json\/wp\/v2\/tribe_events_cat?post=32310"}],"curies":[{"name":"wp","href":"https:\/\/api.w.org\/{rel}","templated":true}]}}

Jornada Col·legi Graduats Socials de Castelló: “Reforma Laboral i la seua aplicació a les cooperatives”

<p class="qtranxs-available-languages-message qtranxs-available-languages-message-es">Disculpa, pero esta entrada está disponible sólo en <a href="https://concoval.es/ca/wp-json/wp/v2/tribe_events/32310" class="qtranxs-available-language-link qtranxs-available-language-link-ca" title="Valencià">Catalán</a>.</p>

<p>Disculpa, pero esta entrada está disponible sólo en Catalán.</p>
